 + (41 - 22).
-43
What is 7 + (-42 - -20) + 16 + -25?
-24
What is -26 + 1 - -2 - (26 - (3 - -14))?
-32
What is the value of 95 - -100 - 9 - 105?
81
Calculate -19 + -19 + (2 + -56 - -30).
-62
What is the value of (3068 - 3058) + 13 + (-1 - 0)?
22
Evaluate -79 + 101 + -9 + -37.
-24
Calculate -8 - (-11 + -9 + (23 - 16) + 116).
-111
(-26 + 16 - (-22 - -7)) + (0 - (1 - 10))
14
What is (-6 - 83) + 53 + -24?
-60
Evaluate (4 - -1) + 55 + (-35 - 31) - 0.
-6
What is (2 - 3) + 28 + -5 + (8 + -31 - -41)?
40
What is the value of -317 + 177 + 130 - (0 - 63)?
53
-2 - -32 - (-1511 - -1565)
-24
Evaluate 35 - (-2 - 0 - (5 + -17 - -1 - -12)).
38
What is the value of -3 + -2 + (1 - -5 - (-11 + (17 - -5)))?
-10
What is the value of 16 + (-10 + -26 - -26 - (-7 - 2))?
15
What is the value of 10 - 17 - (92 - 220 - (1 - 7))?
115
Calculate 17 + -28 - (-121 + (-15 - -24 - -19)).
82
What is the value of 19 - 1 - (-2 - ((13 - -4) + -12))?
25
What is (9 - ((3 - (12 + -1)) + (5 - 2))) + -44?
-30
Calculate (-56 - (91 + -109)) + 2 + (0 - 1).
-37
Evaluate 100 - (97 - 123) - (40 + 1).
85
Calculate 7 + -14 + (56 - (4 - -7)) + -1.
37
What is -1888 - -1895 - (-2 - 1 - (0 + -18))?
-8
Calculate 15 - 12 - 0 - ((6 - (6 + -10)) + 42).
-49
What is the value of 53 + (-40 - -16 - 19)?
10
Evaluate 6 + (-3 - (1 - 2)) + -8 + 1502 + -1458.
40
Calculate (-97 + 61 - -24 - 26) + 20 + -2.
-20
Calculate -2 + 18 + 5 - (134 + -97).
-16
What is the value of (-4 - (5 + -8)) + -139 + 115 + 67?
42
What is the value of 9 - (0 + -2 + (-15 - -6) + 6 - 7)?
21
What is the value of -19 - (109 + -97 - (4 - -5 - 4))?
-26
16 - (16 + 36 + -17)
-19
Calculate -117 + -1 + -20 + -12 + 31 + -9.
-128
Evaluate -9 + -8 + (-5 - 0 - (-26 + -3 - -92)).
-85
Evaluate -91 + 1 - -58 - (-74 + 0).
42
Calculate 87 + (130 - 122) + -30.
65
Calculate 94 + 25 + (26 + -24 - 13 - -4).
112
What is the value of -158 - (-81 + -71 + 39)?
-45
What is 1 - 7 - 11 - (1235 + -1248)?
-4
-4 + 40 - (-65 - -90 - 80)
91
-7 - -1 - (1 + 65 + -20 + -37 + 79)
-94
Calculate 34 - (-38 - -81) - 1.
-10
Calculate 57 - (-25 + 16 + -1 + -3 + 7).
63
What is -4 + -24 - (-26 + 4 + 2)?
-8
Calculate -37 + 110 + -13 - 48.
12
Evaluate -143 - (69 + (132 - 251)).
-93
What is (-35 - (0 + (-176 - -39))) + -31?
71
Evaluate (-10 + -8 + -26 - -40) + (1 - 0 - -39).
36
Evaluate (-2 - 79) + 1 + (-26 - -33) + -3.
-76
Evaluate (26 + 56 - -1) + -69.
14
Calculate (9 - 2) + (-13 + 30 - (20 - 1)) - 61.
-56
(111 - 81 - 30) + -2 + (-40 - -1)
-41
What is the value of (12 - (55 - (89 + -47))) + 135?
134
Evaluate -3 - (14 + -51 - -3) - 30.
1
69 + -17 + 86 + -148
-10
Calculate (9 - (30 + -11)) + -2 + (-39 - -1).
-50
Calculate (-24 - (-4 + -7 + 3)) + -6.
-22
28 + -14 - (-45 + 30)
29
What is 4 + 2 + -17 + 7 + 27?
23
What is the value of -17 + -104 - (-386 - -130)?
135
Evaluate 1 + (-651 + 654 - (8 + -2 + 1)) - -3.
0
What is 6 - (6 - ((0 - 2 - -13) + 5))?
16
Calculate 15 - -31 - 15 - 58 - 17.
-44
What is the value of (3 - (2 - (-3 + 6))) + 52 + (-204 - -79)?
-69
What is 29 + (37 - 34 - 37) + (0 - 31)?
-36
Calculate 16 + (-27 - (15 + (-6 - 11))).
-9
-71 - 43 - (5 + -113)
-6
What is the value of 7 + 27 + -34 + (-11 - 0) + -1 + 9?
-3
Calculate 66 + (20 - (6 - -37 - -2)).
41
What is the value of (-6530 - -6470) + (2 - -3)?
-55
What is the value of 60 - 38 - (-8 - -23) - (51 + 1)?
-45
What is -7 + (-4 + 17 - (8 + 1 - 7)) + 74?
78
Evaluate -73 - -9 - (95 + -44 - 86).
-29
What is the value of 5 + (-25 - 1 - -12) - 19?
-28
Calculate -2203 - -2201 - (-21 - 1 - (3 + -4)).
19
What is 68 - (222 + -68) - (31 - 3)?
-114
Calculate -3 + 29 + (-176 - -11) + 62.
-77
What is 25 + (-93 - (-40 - 19))?
-9
What is the value of 26 - (-13 - -30 - (-2 + 11))?
18
Calculate 1 + 52 + (-30 - (0 - 68 - -37)).
54
342 + -366 + (-2 - 70) + 33
-63
What is the value of 4 - 4 - -1 - -12 - (-582 - -586)?
9
2 + 67 + (-33 - -43 - -8 - (7 + 0))
80
Evaluate -1 + (23 - (1 + (32 - 5)) - -63).
57
(25 - 14) + (-6 + 10 - 9) + -70
-64
Calculate (-6 - (-45 + 5 + 42)) + (-3 - -90).
79
Evaluate (-54 - -34) + 65 + -53.
-8
(-48 - -73) + (2 - -4 - 101)
-70
Evaluate -45 + 3 + 6 + -12 + 9.
-39
What is the value of 16 + -22 + (-11 - 0 - 4)?
-21
Calculate 49 - (22 - -13) - 87 - -6.
-67
What is the value of -4 + -164 + 163 + (-40 - -2 - 0) + 4?
-39
Evaluate -51 + 0 - (3 - 4 - -9 - (-49 - -56)).
-52
What is the value of (-3 - -15) + 13 + -75 + -4 + 11 + 0?
-43
Calculate 22 - (160 + -44 + -42).
-52
(32 - -21) + -6 + -150
-103
What is -57 - 2 - (-53 + 11 - -52)?
-69
Evaluate -21 + 53 + -215 + 171.
-12
What is the value of -34 - ((-7 - 42) + 19)?
-4
(-2 - 0) + (7 - -1) + 3 + -119 + 113
3
What is 6 - ((-1 - -79) + (-46 - (-27 - (0 + 7))))?
-60
4 + -2 + -4 + (-12 - -7) + 11 + -4
0
Calculate 5 - 4 - (39 - (74 - 34)).
2
Evaluate -77 + -43 + -9 + 33 + 8.
-88
Evaluate -12 + (-1 - 2) - 4 - (-217 + 279).
-81
Evaluate 17 + (20 - (60 + -26)) + -2 + 2 + -51.
-48
-44 - 9 - (4 - 51) - (0 - -35)
-41
What is 19 + 39 + (19 + -41 - 2)?
34
-58 + (-19 - -45 - 36 - -39)
-29
What is -35 + 80 - (47 + 4)?
-6
-24 + -67 + 60 + 29
-2
(-22 - -25) + -1 + -10 - (-6 - 3) - -8
9
20 + (2 - 22) - 35
-35
What is -131 - (-2 + -42) - (-15 + 1)?
-73
-1 + 133 + -7 + (3 - (49 - 27))
106
What is the value of -380 + 321 - (-62 + -4)?
7
(20 - ((-12 + 39 - 9) + -15)) + 21
38
What is 36 + (-48 - -43) + -16 + 0?
15
What is 1362 + -1381 + (-19 - (3 + -2))?
-39
Evaluate (-1 - -39 - 1 - (-126 + 128)) + (-192 - -183).
26
Evaluate (-18 - -89) + -549 + 554.
76
Calculate 22 - (-7 - (15 + -74)).
-30
What is (-42 - -13 - -41) + (0 - -1) + 31 + 3?
47
Calculate -45 - (-45 + 3 + 43).
-46
Calculate -13 + -74 - -15 - -126.
54
What is -9 - ((49 - -1) + -10 + (17 - 8) + 1)?
-59
Calculate 17 + -33 + -1 - -49.
32
Calculate -86 + 51 + (-37 - -70) + -4.
-6
What is the value of -7 + (-2 - (-35 - -27) - (-28 + -2 - -2))?
27
(9 + -2 - (27 + -28) - -6) + 54
68
8 + (-9 - ((0 - 3) + -6 + 8 - -11))
-11
Calculate 7 + -24 + -4 + 16 + -4 + (-1 - 61).
-71
What is the value of (3 - (8 + (-6 - (4 - 5))) - 5) + -22?
-27
Evaluate -54 - (37 + -25 + -6).
-60
Calculate 18 - 9 - (118 - 68).
-41
What is (-111 + 287 - 61) + -198?
-83
What is 2 + 4 + -18 + 8 + 25?
21
Calculate 78 + 0 - (2067 - 2038).
49
Evaluate -100 + -120 + 138 - (2 - -9 - 3).
-90
What is -56 + 85 + 4 - -39?
72
Evaluate -3 + 2 - ((-4 - 1) + -10 - (43 + -52)).
5
-61 + (105 - (-57 + 192))
-91
Calculate -55 + -11 + 70 + 1.
5
(-101 - -56) + 56 - 36
-25
Calculate -2 + (10 - -4) - 2 - (43 + -73).
40
What is the value of 6 + ((-2 - -20) + -1 - (-2071 - -2100))?
-6
Calculate 131 - (3 - (85 - 101)).
112
What is 61 + (-27 - (-7 - 10)) + 11?
62
Calculate 365 + -427 - -76 - (1 + -57 - 1).
71
Evaluate 32 - (9 + -9 + -7 + 4) - -10.
45
Calculate (9 + 6 + -12 - -140) + (44 - 49).
138
What is the value of 17 + (28 - (-12 + (3 - -19))) - (2 + -3)?
36
What is the value of 7 + (5 - 3) + -240 + 294?
63
What is the value of -104 + (-1 - -13) + 10?
-82
Evaluate -36 + (23 - 42) + 11.
-44
Evaluate 35 + (20 - (-13 + 37)) + -66.
-35
Calculate -23 + (7 - ((1 - 1) + (24 - (-14 + 27)))).
-27
Evaluate 26 + 17 + -67 + 19 + (7 - -11).
13
Evaluate 49 + -30 - (145 - 97).
-29
What is -39 + 41 - 24 - -16?
-6
What is 36 + (0 + (23 - 6) - 14 - 14)?
25
Calculate -11 - (2 + -2) - (507 + -516) - 31.
-33
What is the value of -49 - (112 + -41 + -70)?
-50
What is -7 - (-10 + 8 + -3 - (3 + -3))?
-2
Evaluate -21 - (9 - (32 + (-14 - -34))).
22
Calculate 1 - (32 + -2) - (-24 - (5 + 6 - 29)).
-23
What is 8 - ((12 - -4 - (0 - -24)) + 15)?
1
Calculate -163 - -3 - (-1089 - -995).
-66
Calculate 20 + 1 + 1 - (-2336 - -2357).
1
-14 - 13 - (-7 + (29 - 44))
-5
Calculate 16 + (-2 - 77 - (-190 + 178)).
-51
Evaluate 78 - 97 - (-110 - (-16 + 2)).
77
Evaluate -53 - 11 - (-32 - (29 + -53)).
-56
Calculate (4 - 1 - (-537 - -621)) + 20.
-61
Evaluate (2 - -7) + 5 + -38 + 39.
15
Calculate (-43 - -26) + (-6 - ((1 - -1) + 10)).
-35
What is the value of -79 + 9 + 27 - (-48 + 5)?
0
What is the value of 7 - (2 + 7 + (56 - 54) - 3)?
-1
Calculate 18 - (24 - 2) - 113 - -31.
-86
Evaluate 113 + -88 + -82 + 23.
-34
What is -31 + (33 + 0 - (370 + -345))?
-23
Evaluate (-12 - 0) + -3 + 25 + -27 + (-22 - -12).
-27
Calculate 18 - ((-1 - 1) + 10) - (18 + -24).
16
Evaluate -106 + (-11 + -1 + 1 - (-878 - -865)) + 10.
-94
-12 + 62 + -19 + -14
17
Evaluat